245 = 52505. What are the prime factors of h?
5, 1319
Let g(t) = -t**2 + 9*t - 5. Let l be g(9). Let o be ((-15)/l)/3*-1. What are the prime factors of 100 - (5 + -3)*o?
2, 3, 17
Suppose 3*m + i + i + 15 = 0, i = 3*m + 24. Let f = 32 - -40. What are the prime factors of f/1 - m/(-7)?
71
Let q = 97442 - 63012. List the prime factors of q.
2, 5, 11, 313
Suppose -8*n + 212595 = -3*k, 3020 = n + k - 23542. What are the prime factors of n?
3, 17, 521
Let w(j) be the second derivative of -2*j**3/3 + 25*j**2/2 + 4*j. Let o be w(15). What are the prime factors of o/(-4 - -3) - 2?
3, 11
Let k(s) = s + 1. Let j(v) = 16*v + 27. Let w(m) = -2*j(m) - 10*k(m). What are the prime factors of w(-8)?
2, 17
Suppose -23*j = 2*j + 17*j - 430416. List the prime factors of j.
2, 3, 7, 61
Let w(v) be the second derivative of -43*v**3/6 - 7*v**2 - 202*v. List the prime factors of w(-27).
31, 37
Suppose -17*p + 8992 = -3299. Suppose 4*l + 372 = 3*f - f, -4*f + l = -p. List the prime factors of f/(0 - -3) + 4/1.
2
Suppose 10 = 5*n, -2*g - n = -3*g + 964. Suppose -4*c + g = -822. What are the prime factors of c?
3, 149
Let u(j) = -2*j**2 + 40*j + 3. Let y be u(20). Suppose y*f = -10*p + 14*p - 818, 3*f = -4*p + 830. What are the prime factors of p?
2, 103
Let h be (-5 + (3 - -3))*(-5 - 1). Let a(g) = g**2 + g + 1. Let x(v) = -4*v - 12. Let j(s) = 5*a(s) + x(s). What are the prime factors of j(h)?
167
Suppose 0 = 2*b + 3*p - 19210, 20*p = 2*b + 17*p - 19186. List the prime factors of b.
29, 331
List the prime factors of ((-756387)/(-39))/3 - -8*(-12)/(-624).
3, 5, 431
Suppose 3*w = -3*x + 30, x - w = 4*x - 22. Suppose -x*i = -9*i + 9. Suppose 832 = 5*n + 2*f, -i*n + 5*f - 316 = -5*n. What are the prime factors of n?
2, 3, 7
Suppose 2*n + 6 = 3*p, n = -0*p - 4*p - 25. Let h be 0/(1 - 0)*3/n. Suppose -124 = -h*a - 2*a. What are the prime factors of a?
2, 31
Let c(v) = 11*v**2 + 5*v - 4. Let i be c(1). Suppose 2*m - 112 = i. List the prime factors of m.
2, 31
List the prime factors of 16776 - 133 - 9*1.
2, 8317
Let r = -11356 - -19629. List the prime factors of r.
8273
Let m(f) = -7*f + 16. Let u be 37/3 - (-16)/24. Let i(y) = 4*y - 8. Let s(o) = u*i(o) + 6*m(o). What are the prime factors of s(7)?
2, 31
Let t = -246 - -5701. List the prime factors of t.
5, 1091
Let f(m) = 4456 + 14*m**2 - 16*m - m**2 - 4524 + 4*m. What are the prime factors of f(-4)?
2, 47
Let w be 2 + (0 - 1) + (-75)/(-5). Suppose -115 = -w*k - 35. Suppose k*h - 127 = 113. List the prime factors of h.
2, 3
Let i(x) = x**2 + 2*x. Let q be i(-3). Suppose q*u + 4*u = 2*u. Suppose u = -3*g + g - 5*h + 215, 0 = 3*g + h - 290. What are the prime factors of g?
5, 19
Let w(a) be the first derivative of 41*a**4/2 - a**3 + a**2/2 - 4*a + 68. List the prime factors of w(2).
2, 3, 107
Let d = 7784 - -9385. What are the prime factors of d?
3, 59, 97
Suppose -10*g = -7*g - i + 14, -4*g + i - 17 = 0. Let c(u) = -6*u + 15. List the prime factors of c(g).
3, 11
Let c(g) = g**3 - 6*g**2 + 2*g - 6. Let o be c(6). Let y be 9/(4*o/8). Suppose 3*t + 579 = y*h, -2*t - t - 381 = -2*h. What are the prime factors of h?
2, 3, 11
Let i(p) = 27*p + 6. Let w be i(3). Suppose -52 = -22*j + 58. Suppose 83 + w = j*k. What are the prime factors of k?
2, 17
Suppose 4*v = -5*q - 20, -4*v + 3*q = 3 - 15. Suppose v = -12*k + 16*k + 180. List the prime factors of ((-3)/12 - k/20)*3.
2, 3
Let u = 460 + -464. List the prime factors of 585 + (u - 4) + 1*5.
2, 3, 97
Let t = -3913 - -7071. List the prime factors of t.
2, 1579
Let o(u) = 3633*u**2 - 19*u - 44. List the prime factors of o(-2).
2, 3, 269
Let o(t) be the first derivative of 11*t**2/2 - 78*t + 165. List the prime factors of o(44).
2, 7, 29
List the prime factors of (-15)/(1035/(-1516252))*15/10.
2, 16481
Let p be 1/(-2)*(6 + -18). Suppose p = -3*g + 15. Suppose -102 = -2*w - 4*k + 34, -199 = -g*w - k. List the prime factors of w.
2, 3, 11
Let v = -323 - -326. Suppose -45*l + v*o = -46*l + 1137, 2307 = 2*l - 5*o. List the prime factors of l.
2, 3, 191
Suppose -3*d + 17 = 5*b, 2*d = -b + 13 - 4. Suppose 7392 = 8*q + d*q. List the prime factors of q.
2, 7, 11
Let o(w) be the third derivative of -w**6/60 - w**5/60 + w**4/24 + w**3/3 - 16*w**2. Let t be o(-2). List the prime factors of 89/(4/t - (-2)/3).
89
Suppose 0 = 3*v - 3*s - 1827, 5*s - 2*s = 4*v - 2436. Let w = 1410 - v. What are the prime factors of w?
3, 89
Let g = 29 - 20. Let j(s) = 0 - 5*s + g*s + 5. What are the prime factors of j(14)?
61
Let c(m) = -m - 14. Let p be c(-13). List the prime factors of ((-1)/(p/4))/(31/5239).
2, 13
Let o = 36 + -62. Let s = 28 + o. Suppose -6*w + 2*w - 5*t = -362, 184 = s*w + 4*t. What are the prime factors of w?
2, 11
Suppose s = 6 + 49. Suppose 0 = 3*h - 310 + s. Let x = 165 - h. List the prime factors of x.
2, 5
Let z(y) = 6*y**2 - 104*y - 1853. List the prime factors of z(-15).
7, 151
Suppose 3*x - 3264 = -0*x - 4*f, 0 = -2*x - 3*f + 2177. Suppose 5*k = x + 1956. List the prime factors of k.
2, 19
Let l(p) = -p**2 + 9*p + 6. Let m(v) = 8*v + 16. Let z be m(-4). Let a = z + 23. List the prime factors of l(a).
2, 5
Let y(q) = 4*q**2 + 34*q + 5. Let d be y(-9). Suppose -782 = -d*t - 0*t. List the prime factors of t.
2, 17
Let m be 28/(-3)*(-153)/3. What are the prime factors of ((-54)/(-42) + -3)/((-2)/m)?
2, 3, 17
Suppose 2*p + 5*h = 4*h + 114, 299 = 5*p - h. Suppose 111 = 2*w - p. Suppose 5*g - w - 167 = 2*n, -4*n - 54 = -g. What are the prime factors of g?
2, 5
Let v(a) = a**3 + 33*a**2 - 3*a - 15. Let f be v(-33). Suppose 18837 = -61*x + f*x. List the prime factors of x.
3, 7, 13
Let i be (-16 + 16)/(1 - 0/(-2)). Suppose -2*z - 1 - 3 = i. What are the prime factors of (-3)/(-6)*-15*(z + 0)?
3, 5
Suppose 0 = q - 3*m + 3660 - 15984, 4*m = -2*q + 24628. List the prime factors of q.
2, 3, 2053
Suppose -5*c - 20 = -4*y, -3 = -2*y - 2*c - 11. Suppose 2*t - 4*t - 2 = y. What are the prime factors of (((-2595)/9)/5)/(t/3)?
173
Suppose 292 = j + x, -2*x + x - 1460 = -5*j. List the prime factors of (j/5)/((-15)/(-375)).
2, 5, 73
Suppose -3*p = -2*z - 2*p - 330, 4*p + 495 = -3*z. What are the prime factors of (-1 - (25/(-15) + 1))*z?
5, 11
Let j be (-30)/(26/6 - 4). Let r be -282*(-24)/j*(-10)/2. Suppose -3*v - 5*v = -r. What are the prime factors of v?
47
Let i(w) = -w + 9. Let n be i(5). Let d be -6*(3 - 10/n) + 338. Let f = d + -188. What are the prime factors of f?
3, 7
Suppose -12*s + 127886 = 10*s. List the prime factors of s.
5813
Let t = -94 + 29. Let z = t + 62. What are the prime factors of (0 + (z - -4))*31/1?
31
Suppose -2*p + 9950 = -h + 533, -3*h = -15. List the prime factors of p.
7, 673
Let x = -146 - -6. Let c = 144 + x. Suppose -18 + 831 = c*a + d, 192 = a + 4*d. List the prime factors of a.
2, 3, 17
Let y be (-2)/6 - (-2)/6*19. Suppose y*q - 111 + 33 = 0. Suppose 3*x - 3 = 4*a - 3*a, a - q = -5*x. What are the prime factors of a?
3
Let n(h) = h**2 - 81*h + 501. List the prime factors of n(91).
17, 83
Suppose 5 = 3*f - 1, -2*w + 24 = -4*f. What are the prime factors of (-362 - -24)/(w/(-6) + 2)?
3, 13
Suppose 0 = 2*u + 5*p - 52763, 88*p - 52778 = -2*u + 86*p. What are the prime factors of u?
2, 3, 53, 83
Let v(f) = f**3 - f**2 - 4*f - 1. Let y be v(3). Suppose 2*s - 4 = -3*p + y, 3*s = p - 3. Suppose s*b = 5*b - 1145. List the prime factors of b.
229
Let w be 20/(-8)*(-12)/(-15). Let m be (-1 - (-15)/(-25))/(w/5). Suppose 165 = c - m*u - u, -2*c + 360 = 5*u. List the prime factors of c.
5, 7
Let i = -6801 + 10067. Suppose -i = -16*c + 4158. What are the prime factors of c?
2, 29
Let o(r) = r**3 - r + 436. Let g be o(0). Let a be 10/15 - (-1)/(-3)*-4. Suppose -g = -a*m - 124. What are the prime factors of m?
2, 3, 13
Let n = -34110 - -51219. List the prime factors of n.
3, 1901
Let x(s) = 46*s - 3*s + 36*s - 11. What are the prime factors of x(2)?
3, 7
Let s(x) = 1724*x + 586. List the prime factors of s(4).
2, 3, 29, 43
Suppose 6*g - 248 + 416 = 0. List the prime factors of 21159/21 + (-12)/g.
2, 3, 7
Let b = 524 + -527. List the prime factors of 0 + -5 + (-4524)/b.
3, 167
Let s = -12095 - -20872. List the prime factors of s.
67, 131
Let s = -29173 + 45764. What are the prime factors of s?
47, 353
Let p = -2520 + 1364. Let h = 1914 + p. What are the prime factors of h?
2, 379
What 